43
What is the highest common divisor of 1580 and 400390?
10
Calculate the greatest common factor of 118408 and 2103300.
3116
What is the greatest common divisor of 21840 and 135090480?
1680
What is the highest common factor of 717961 and 1266721?
4573
Calculate the highest common factor of 1484115 and 21.
3
Calculate the highest common factor of 9 and 116508147.
3
What is the greatest common factor of 21673758 and 6?
6
Calculate the greatest common divisor of 15804 and 873171.
3951
Calculate the greatest common divisor of 3775 and 67583825.
3775
What is the greatest common divisor of 21540 and 1828746?
2154
What is the greatest common divisor of 396 and 128790684?
396
What is the highest common divisor of 34 and 11150147?
17
What is the highest common divisor of 357 and 2475557?
119
What is the highest common divisor of 75597 and 985812?
339
What is the greatest common factor of 3030515 and 22550?
205
Calculate the highest common factor of 4472 and 309471344.
4472
What is the greatest common divisor of 299388588 and 6?
6
What is the greatest common divisor of 14169566 and 2813?
97
Calculate the highest common factor of 1377943 and 707.
707
Calculate the highest common factor of 11 and 523300184.
11
Calculate the greatest common divisor of 60 and 27890860.
20
What is the greatest common factor of 3667833 and 246703?
1363
What is the greatest common divisor of 4 and 4521268?
4
What is the highest common divisor of 61 and 152976715?
61
Calculate the greatest common divisor of 5306616 and 21.
21
What is the highest common factor of 2479 and 2673509?
37
Calculate the greatest common divisor of 63 and 31217481.
9
What is the highest common divisor of 28160 and 817080?
440
What is the highest common divisor of 520 and 388838528?
104
Calculate the greatest common factor of 13575 and 229960.
5
Calculate the highest common divisor of 6762 and 8241751.
1127
What is the highest common factor of 1763 and 25929?
43
Calculate the highest common divisor of 31536 and 170.
2
Calculate the greatest common factor of 64999767 and 21.
21
Calculate the greatest common divisor of 1285412 and 422.
422
Calculate the highest common divisor of 18643422 and 588.
294
What is the greatest common factor of 6855524 and 1300?
52
What is the highest common divisor of 141515856 and 1008?
144
What is the highest common factor of 7589 and 13073?
1
What is the highest common factor of 7735 and 5950?
595
What is the highest common divisor of 309 and 34893825?
309
What is the highest common factor of 8415079 and 391?
23
Calculate the highest common divisor of 90068 and 91492.
356
Calculate the highest common divisor of 45070187 and 93.
31
What is the greatest common factor of 42 and 71479499?
7
What is the greatest common factor of 489 and 2373443?
163
What is the greatest common divisor of 248 and 51641257?
31
What is the greatest common factor of 123 and 13134965?
41
What is the highest common divisor of 26838 and 153792?
54
What is the highest common factor of 6157242 and 621846?
3222
What is the highest common factor of 10260 and 3670?
10
What is the greatest common divisor of 138852 and 86868?
684
What is the highest common factor of 1779644 and 1513?
89
What is the greatest common divisor of 52736 and 85982752?
3296
What is the greatest common factor of 9486 and 206?
2
Calculate the highest common factor of 507 and 266818383.
507
What is the highest common divisor of 10501137 and 54?
27
Calculate the highest common factor of 9576 and 195220592.
1064
Calculate the greatest common factor of 20 and 7505640.
20
What is the highest common factor of 950860904 and 56?
56
What is the highest common divisor of 219622 and 10634?
26
What is the highest common divisor of 163170 and 83065?
185
Calculate the greatest common factor of 981876 and 4452.
84
What is the greatest common divisor of 400337 and 21?
7
What is the greatest common factor of 1642116 and 1064469?
3633
Calculate the highest common divisor of 7375270 and 10080.
70
What is the greatest common factor of 800839 and 2392?
13
Calculate the highest common divisor of 12389 and 14587571.
953
Calculate the greatest common divisor of 348129162 and 306.
306
What is the greatest common factor of 9945 and 70946865?
765
What is the greatest common factor of 368817406 and 518?
74
What is the highest common factor of 24583 and 12549420?
403
What is the highest common divisor of 5111455 and 25?
5
Calculate the greatest common divisor of 1716696 and 484544.
904
Calculate the highest common divisor of 207 and 1038564.
9
Calculate the highest common divisor of 53793 and 265907.
139
What is the greatest common divisor of 85120 and 11039000?
5320
Calculate the greatest common divisor of 496 and 13764272.
16
What is the greatest common factor of 140126 and 7168?
14
What is the highest common factor of 63107653 and 74032?
4627
What is the greatest common factor of 629 and 2312389?
37
What is the greatest common factor of 510 and 2265350?
10
What is the highest common divisor of 10210064 and 512?
16
What is the greatest common factor of 69611 and 57682?
151
Calculate the greatest common divisor of 195 and 242955.
15
Calculate the highest common factor of 3426655 and 608505.
1795
Calculate the highest common divisor of 24157 and 89131.
833
Calculate the greatest common factor of 2864482 and 119764.
758
What is the greatest common factor of 202147 and 10609357?
517
Calculate the greatest common factor of 1440 and 180204.
12
What is the greatest common divisor of 58514 and 1431872?
3442
Calculate the highest common factor of 129559024 and 12198.
4066
What is the greatest common divisor of 22562418 and 1272?
318
Calculate the greatest common divisor of 17879 and 567423.
941
Calculate the highest common divisor of 198538 and 1217450.
3746
What is the highest common factor of 58048 and 471296?
64
Calculate the greatest common divisor of 346 and 1140165842.
346
Calculate the highest common factor of 1095033 and 1164.
291
What is the greatest common divisor of 14421436 and 8?
4
Calculate the greatest common factor of 532 and 3488734.
2
What is the greatest common divisor of 1354 and 72974507?
677
What is the greatest common factor of 74084 and 244?
4
What is the greatest common divisor of 21419480 and 10?
10
What is the greatest common factor of 357 and 1251081?
51
Calculate the highest common divisor of 65829778 and 2345.
469
Calculate the greatest common divisor of 393928 and 600500.
4804
Calculate the greatest common divisor of 92665404 and 325.
13
What is the highest common divisor of 9724 and 4488445?
13
Calculate the greatest common factor of 24213 and 616265817.
3459
What is the highest common divisor of 32705 and 208475?
155
Calculate the greatest common divisor of 4120 and 49705946.
206
Calculate the greatest common factor of 6041550 and 100.
50
What is the greatest common factor of 4153548 and 866012?
5516
Calculate the greatest common divisor of 2529 and 60243309.
2529
What is the greatest common divisor of 3388 and 1180102?
154
Calculate the greatest common factor of 4608 and 11166.
6
Calculate the greatest common divisor of 7247336 and 8.
8
Calculate the greatest common factor of 158 and 352482.
2
Calculate the highest common factor of 242 and 2777302.
22
Calculate the greatest common divisor of 18 and 38538441.
9
What is the greatest common divisor of 1348330 and 190?
10
What is the greatest common divisor of 2265 and 265827648?
453
Calculate the highest common factor of 29160 and 1023705.
135
Calculate the highest common divisor of 18973 and 151.
1
What is the highest common factor of 96 and 6696112?
16
Calculate the highest common divisor of 458975 and 34375.
275
What is the greatest common factor of 29974 and 32849363?
2141
Calculate the greatest common factor of 95104773 and 891.
81
What is the highest common factor of 668 and 12180479?
167
Calculate the greatest common factor of 54800 and 1163952.
2192
What is the greatest common factor of 1326035 and 101?
1
What is the greatest common factor of 2230215 and 1170?
195
Calculate the highest common divisor of 45396 and 88244.
52
What is the greatest common divisor of 20102953 and 8476?
2119
Calculate the greatest common divisor of 38567880 and 855.
45
Calculate the highest common divi